)?
0
Let x be (-18495)/5*(-2)/6. Suppose 3*k = -z + 237, -5*z + x = k + 2*k. What is the hundreds digit of z?
2
Let m(j) = -j**3 + 15*j**2 - 29*j - 21. Let c be m(13). Let f = 135 + c. What is the units digit of f?
5
Let b(s) = 86*s - 1. Let d be b(2). Suppose -5*x + 7*x = 5*r - 399, 0 = -2*r - 3*x + d. What is the units digit of r?
1
Let c(w) = -22*w - 8. Let q(a) = -a**2 + 18*a - 39. Let x be q(16). What is the units digit of c(x)?
6
Let f(q) = 4*q**3 + 6*q**2 + 7*q + 5. What is the units digit of f(5)?
0
Suppose -14*g = 7*g - 4557. What is the hundreds digit of g?
2
Let g be -3*(10/(-6) + 2). Let s = 3 + -6. What is the units digit of (g - (s - -4))*-1?
2
Let q(p) = p**3 - 4*p**2 + 4*p - 9. Let j(m) = m. Let h(n) = 5*j(n) - q(n). Let o be h(4). Suppose o*d - 11*d = 24. What is the tens digit of d?
1
Suppose 0 = 3*d - 2*d. Let m = 4 - d. Suppose j + 1 = m. What is the units digit of j?
3
Let v(j) = 5*j**2 + 9*j + 13. Let c = 34 - 38. What is the units digit of v(c)?
7
Let l(h) = -2 - h**3 + h - 8*h - 2*h**2 + 8*h. Let z(f) = -2*f - 1. Let d be z(1). What is the units digit of l(d)?
4
Suppose z + 3*c = 980, -4*c = -z - 2*z + 2888. What is the tens digit of z/18 - (-1)/(-9)*-2?
5
Suppose 3*j = -6 + 21. Suppose j*o = 507 + 148. What is the hundreds digit of o?
1
Let q(l) = -2*l - 20. Let m be q(-8). Let v be (4 - m)*3/4. What is the tens digit of (4/12)/(v/1062)?
5
Let g be (-38)/(-19)*(-1)/(-2). Let q(n) = 26*n**2 + n - 6. Let k(h) = 78*h**2 + 3*h - 17. Let y(a) = 6*k(a) - 17*q(a). What is the tens digit of y(g)?
2
Let g = 922 - 579. What is the units digit of g?
3
Let u = 3963 + -2298. What is the thousands digit of u?
1
Suppose 0 = 4*w - 5*i - 57, 27 - 8 = 3*w + i. Let c(t) = -2*t**2 + 3*t - 1. Let d(p) = p**2 - p. Let x(g) = w*d(g) + 3*c(g). What is the tens digit of x(-3)?
1
Let z be ((-14)/4)/(3/(-144)). Let r be (2/(-14)*-6)/((-4)/(-14)). Suppose -j - s - z = -5*j, r*j = -4*s + 145. What is the units digit of j?
3
Let z = 115 + -42. What is the units digit of z?
3
Suppose 4 - 4 = -4*a. Suppose a*x + 2*p = -3*x + 1008, -1023 = -3*x + 3*p. What is the hundreds digit of x?
3
Suppose u - 48 = -2*z, 0 = -5*u + 3*z - 129 + 434. Suppose -10 = -4*w - 3*m + u, -3*m - 30 = -3*w. What is the tens digit of w?
1
Let f(a) = -2224*a**3 + 2*a**2 + 5*a + 4. What is the units digit of f(-1)?
5
Let k(d) = 8*d + 19. Let f(i) = 7*i + 19. Let o(a) = 6*f(a) - 5*k(a). What is the tens digit of o(7)?
3
Let y = 41 - 23. Suppose -y = -3*c - 3*c. What is the units digit of c?
3
Let y = 61 + -40. Suppose 67 + y = 4*x. What is the tens digit of x?
2
Let v(o) be the third derivative of -o**6/120 - o**5/30 + o**4/4 + o**3/2 - 9*o**2. What is the tens digit of v(-5)?
4
Suppose -6*r + 697 = 3*x - 2*r, -722 = -3*x + r. What is the tens digit of x?
3
Let w = 54 - 51. Suppose w*p = 4*b - 306, -3*b + 215 = 2*p + 3*p. What is the units digit of b?
5
Let o = -31 + 33. Let m = o - -25. What is the units digit of m?
7
Suppose -26 = 2*g - 0. Let i(c) = -c**2 - 24*c - 25. What is the hundreds digit of i(g)?
1
Let t(i) = 51*i**2 + i - 2. Let z be (-14)/18 - (0 - (-10)/45). What is the tens digit of t(z)?
4
Suppose -6*q = -7*q + 14. Suppose r - 3 = q. What is the units digit of r?
7
Let m = -28 + 30. Let y be (m - 2)/((-1)/(-1)). Suppose -5*n + 17 + 3 = y. What is the units digit of n?
4
Let j(w) = w**3 + 12*w**2 + 7*w - 8. Let m be j(-11). Suppose -a = -0*a - m. Suppose 2*y = -n + a, -5*n + 27 + 180 = y. What is the tens digit of n?
4
Suppose 7*m - 5*t = 4*m + 257, 0 = 4*m + 3*t - 333. Let c be 18/6 + 115/(-5). Let x = c + m. What is the units digit of x?
4
Suppose 2*g + 27 = -5*q, -g = -0*g + 4*q + 6. Suppose 4*f = -3*d + 224, f - 2*f - 324 = -4*d. Let s = g + d. What is the units digit of s?
4
Suppose -4*b - 3*f = -12, -b + 3*b = 5*f + 32. Suppose b*y - 90 = -3*x + 2*y, 5*y = -5*x + 145. What is the tens digit of x?
2
Suppose -f - 2*t + 556 + 55 = 0, -f + 2*t = -631. What is the tens digit of f?
2
Let l be (-1)/(-2) - (-114)/(-4). Let v = l + 33. Suppose 5*y = -5*q + 75, -y - 3*y - v*q + 63 = 0. What is the tens digit of y?
1
Let x(m) = m. Let v(d) = -3*d**2 + 4*d. Let j(l) = -v(l) + 3*x(l). Let g be j(1). Suppose -z - 33 = -g*p, 2*z + 83 = 5*p - z. What is the units digit of p?
6
Let p be (-2)/(3 + (-148)/52). Let t(o) = o**2 + 5*o + 11. What is the units digit of t(p)?
5
Let u be 50*9/(-15)*-2. Suppose 4*f = -n - 16, -33 = -5*n - 2*f - 203. Let z = n + u. What is the tens digit of z?
2
What is the hundreds digit of ((-4344)/15)/((-2)/5)?
7
Let h(u) = u**2 + u - 10. Let w be h(-7). Suppose -27*c = -w*c + 1070. What is the units digit of c?
4
Suppose -3*v - 4*j = -8960, 11*j + 5 = 6*j. What is the thousands digit of v?
2
Let y be (-3 + 2)/((-5)/(3 - 468)). Let m = y + 178. What is the units digit of m?
5
Suppose 0 = -7*y + 9*y - 18. Suppose 0 = -2*a - 4*u + 3 - y, 2*u + 4 = 0. What is the units digit of a?
1
Suppose -3*k + 6 = -k. Let n be (0 - (k + 0)) + 7. Suppose -4*s + 3*s + 3*i = -8, 48 = 4*s - n*i. What is the units digit of s?
4
Let o(z) be the third derivative of 4*z**2 + 0 + 0*z - 5/6*z**3 + 1/60*z**5 + 1/24*z**4. What is the units digit of o(5)?
5
Let p be 3/12 + 2/(-8). Let f(c) = -c**3 + 1. Let y be f(p). Suppose 2*l - 19 = y. What is the tens digit of l?
1
Suppose 0 = m + 4*v - 8, 3*v = -5*m + 6 - 0. Suppose 2*g - 3*g - 9 = m. Let r = g - -24. What is the units digit of r?
5
Let x(p) = 54*p**2 - 9*p + 21. What is the thousands digit of x(-8)?
3
Let u(n) = n**3 + 8*n**2 - 5*n + 10. Let f(g) = 5*g - 3. Let q be ((4 - 7) + 2)/1. Let w be f(q). What is the units digit of u(w)?
0
Suppose -2*b + 2*u = -244, -b + 2*u = 4*b - 619. What is the tens digit of b?
2
What is the tens digit of 650/3*(-2 - 5/(-1))?
5
Let a(m) = -10*m + 2. Let l be a(2). Let s = -13 - l. Suppose -5*x - 72 = i - 4*i, -s*i + 5*x + 120 = 0. What is the units digit of i?
4
Let r(a) = -a**3 + 6*a**2 - 6*a - 4. Let n be r(4). What is the tens digit of -30*(-4)/6*33/n?
6
Suppose -3*i + 2323 = -2*r, 0 = -5*i - 4*r - 0*r + 3879. Suppose -i = -h - 4*h. Suppose -6*f = -f - h. What is the units digit of f?
1
Suppose -y - 2*m = 4*y - 10782, -4*y - 5*m + 8612 = 0. Suppose 6*b = -7*b + y. What is the units digit of b?
6
Let i = -108 + 339. What is the tens digit of i?
3
Let a(q) = -521*q - 25. What is the tens digit of a(-1)?
9
What is the units digit of (-5052)/(-1)*27/108?
3
Let j be 20/6*(-60)/(-25). Suppose 1 = -h + j. Suppose 3*a - h*a - 50 = -2*w, 0 = -w - 4*a + 31. What is the tens digit of w?
2
Suppose 287 = 5*w - 2*y, -4*y = -10*w + 14*w - 252. What is the tens digit of w?
5
Let j(v) = 8*v - 26. Let h = 336 - 201. Let q be 3/(-12) - h/(-12). What is the units digit of j(q)?
2
Suppose -t + 11 = 10. Let x(h) = 4*h - 1. What is the units digit of x(t)?
3
Let z = 50 + -25. Let u = z - 14. What is the units digit of u?
1
Let i(b) be the third derivative of -b**6/120 + b**5/4 + b**4/24 + 2*b**3 - 4*b**2. What is the tens digit of i(15)?
2
Let j(m) = m**2 + 5*m - 7. Suppose -11*n + 49 + 39 = 0. What is the units digit of j(n)?
7
Suppose o + 2*o - 195 = 4*x, 0 = -4*o - 2*x + 238. What is the tens digit of 1 - 1 - (5 - o)?
5
Let w = -415 + 534. What is the hundreds digit of w?
1
Let k = -561 - -1036. What is the tens digit of k?
7
Suppose -i = -5*i + 100. What is the units digit of i/(-10)*(-412)/10?
3
What is the tens digit of 57/9 + (-13)/39 - -264?
7
Let c(d) = -5*d**2 - 2*d + 14. Let x be c(3). What is the units digit of x*(4 - 1 - 5)?
4
Let i(d) = -3*d**2 + 2*d**2 - 18*d - 3 + 4*d. What is the units digit of i(-7)?
6
Let o(r) = 7*r**2 + 2*r + 1. Let b be o(2). Suppose g = 4*g + 2*y - b, 3*y = 5*g - 36. What is the units digit of ((-30)/g - -3)*-114?
8
Suppose -16 = 4*a - 0*a, 5*a = 5*q - 35. Let j be 30/12 - (-2)/4. What is the units digit of 27 - (9/q - j)?
7
Let k(m) = 349*m + 11. What is the units digit of k(1)?
0
Let o(g) = -g - 4. Let i(n) = n**2 - 14*n - 22. Suppose -4*h + 15 = -45. Let k be i(h). What is the units digit of o(k)?
3
Suppose -5*g = d - 1594, 5*g - 4410 - 3460 = -5*d. What is the hundreds digit of d?
5
Let m(q) be the third derivative of q**6/120 - q**5/12 + q**4/12 + q**3/6 + 256*q**2. Suppose s = -2*s + 18. What is the units digit of m(s)?
9
Let j(i) = -2*i**2 + 3*i - 2. Let x be j(-